4004.
7334
Calculate the highest common divisor of 53949 and 3817534.
2569
What is the highest common divisor of 6256 and 246024?
136
Calculate the greatest common divisor of 43510021 and 1094.
547
What is the greatest common factor of 7881 and 251908?
71
Calculate the greatest common divisor of 137580 and 2295.
15
Calculate the greatest common divisor of 422115 and 347322.
321
Calculate the highest common factor of 2982206556 and 252.
252
What is the highest common divisor of 480 and 4978320?
240
What is the highest common factor of 70 and 589273930?
70
Calculate the greatest common factor of 1925 and 1727110.
385
What is the highest common factor of 2406 and 1436?
2
Calculate the highest common divisor of 572 and 3688152.
52
What is the greatest common divisor of 38912 and 7806976?
2048
What is the greatest common divisor of 78 and 5164094?
26
What is the highest common factor of 9044 and 4591768?
1292
What is the greatest common factor of 44930293 and 23?
23
What is the greatest common factor of 5940706 and 11421?
47
Calculate the greatest common factor of 12696 and 4521432.
552
Calculate the greatest common factor of 6600 and 15345.
165
What is the greatest common divisor of 5675 and 7255?
5
What is the highest common divisor of 168 and 51034683?
21
What is the highest common divisor of 48 and 163931070?
6
Calculate the highest common divisor of 189893206 and 5176.
1294
What is the highest common divisor of 4743 and 2412351?
153
Calculate the greatest common factor of 22618057 and 8613.
319
What is the highest common divisor of 100 and 539030150?
50
What is the greatest common divisor of 15877675 and 99?
11
What is the highest common factor of 1419370 and 160?
10
What is the greatest common divisor of 210 and 16504614?
42
Calculate the highest common divisor of 1156054 and 7418897.
5303
What is the greatest common divisor of 96781836 and 1616?
404
Calculate the highest common factor of 2420 and 756745.
55
What is the highest common factor of 5184 and 22952241?
81
Calculate the highest common factor of 53724 and 1235773.
121
Calculate the highest common divisor of 7099 and 1255330368.
7099
What is the highest common divisor of 2719984 and 6110?
94
What is the highest common factor of 2012 and 978717280?
2012
Calculate the highest common divisor of 34 and 130672013.
17
What is the highest common divisor of 2 and 71337878?
2
Calculate the highest common factor of 13369062 and 222.
222
Calculate the greatest common factor of 776 and 45493388.
388
What is the highest common factor of 2112 and 26273984?
704
Calculate the highest common factor of 646140 and 720.
60
Calculate the greatest common divisor of 15076944 and 128.
16
What is the highest common divisor of 790772 and 2394772?
1604
Calculate the highest common factor of 21 and 54944973.
3
Calculate the greatest common factor of 7949559 and 9.
3
What is the greatest common divisor of 4323754 and 114?
38
Calculate the highest common factor of 8 and 4250872.
8
What is the greatest common factor of 97093538 and 2506?
358
Calculate the greatest common factor of 3303 and 86979.
1101
What is the greatest common divisor of 9929223 and 121365?
783
Calculate the highest common factor of 15358 and 392.
14
Calculate the highest common divisor of 20 and 345589460.
20
Calculate the greatest common divisor of 11296 and 139936.
32
Calculate the highest common factor of 240 and 1941180.
60
What is the greatest common divisor of 5304 and 141117?
51
Calculate the highest common factor of 75339165 and 3270.
1635
What is the highest common divisor of 61731 and 72459?
9
Calculate the highest common divisor of 25 and 23665175.
25
What is the greatest common factor of 2987088 and 1950?
78
Calculate the highest common factor of 242055 and 75469.
163
Calculate the highest common divisor of 36 and 690970158.
18
What is the greatest common factor of 14291910 and 28251?
387
Calculate the highest common divisor of 8583506 and 3246.
1082
What is the greatest common divisor of 1218294 and 13398?
462
Calculate the highest common factor of 57870 and 272439.
9
What is the highest common factor of 74930 and 112690?
590
Calculate the highest common factor of 8686 and 8455692.
86
Calculate the highest common factor of 17 and 71187211.
17
Calculate the highest common divisor of 41985 and 165915.
135
What is the highest common factor of 843498 and 90?
18
Calculate the highest common factor of 9222 and 1712748.
318
What is the greatest common factor of 34310 and 8750?
10
What is the highest common divisor of 96 and 63393048?
24
Calculate the greatest common divisor of 82374 and 61086.
6
Calculate the greatest common divisor of 3188825 and 134237.
557
Calculate the highest common factor of 57898310 and 3160.
790
What is the highest common factor of 863472 and 76?
4
Calculate the greatest common factor of 2561254 and 17561.
17
What is the greatest common factor of 6615 and 31290?
105
What is the highest common divisor of 1859 and 435773?
13
Calculate the greatest common factor of 174 and 2769429414.
174
What is the greatest common divisor of 443813 and 88832?
347
What is the greatest common factor of 4521 and 135765630?
4521
What is the greatest common divisor of 1953315 and 14625?
585
Calculate the highest common divisor of 22487895 and 2295.
135
Calculate the greatest common factor of 716456 and 45032.
104
What is the highest common divisor of 791890470 and 441?
441
Calculate the highest common factor of 39118454 and 38.
38
Calculate the highest common divisor of 22 and 104522.
22
Calculate the highest common factor of 9988 and 5021984.
44
Calculate the highest common factor of 1698 and 567857046.
1698
Calculate the greatest common divisor of 1460 and 908340460.
1460
What is the highest common factor of 29682 and 119206210?
3298
Calculate the highest common factor of 9636 and 43990749.
2409
Calculate the highest common divisor of 6687 and 8021428.
743
What is the highest common factor of 1813 and 3231011?
49
What is the greatest common factor of 636 and 32624574?
318
Calculate the highest common divisor of 5049 and 201465.
99
Calculate the greatest common divisor of 2057 and 224577089.
2057
Calculate the highest common factor of 371535140 and 40.
20
Calculate the highest common factor of 2194189 and 9706.
211
What is the highest common divisor of 39915 and 21375?
45
What is the highest common divisor of 145281600 and 190?
190
What is the highest common factor of 114 and 4321683?
57
Calculate the highest common factor of 496104024 and 26.
26
What is the greatest common divisor of 6523 and 128673291?
593
Calculate the highest common factor of 155738299 and 42348.
3529
Calculate the greatest common divisor of 78 and 298519923.
39
What is the greatest common divisor of 70832252 and 16020?
356
What is the highest common divisor of 7 and 309842183?
7
Calculate the highest common divisor of 5977 and 163742.
139
What is the greatest common divisor of 1180242 and 1836?
306
What is the highest common divisor of 480 and 19416060?
60
What is the highest common factor of 175 and 324775?
25
What is the highest common factor of 88517 and 6045?
13
Calculate the greatest common factor of 64548549 and 3633.
519
What is the highest common factor of 7044832 and 160?
32
What is the greatest common factor of 1722 and 14047830?
246
Calculate the highest common factor of 36218 and 29580554.
398
Calculate the greatest common divisor of 246 and 740419.
41
Calculate the highest common factor of 16159840 and 800.
160
What is the highest common divisor of 498295 and 1265?
115
What is the greatest common divisor of 757 and 14891?
1
Calculate the highest common factor of 1195832 and 642.
214
What is the greatest common divisor of 1310 and 20698?
262
Calculate the highest common divisor of 29 and 587506099.
29
Calculate the greatest common divisor of 5992 and 3160556.
28
What is the highest common factor of 4655961 and 5076?
1269
What is the greatest common divisor of 199 and 132418580?
199
Calculate the greatest common divisor of 52664 and 41087.
227
Calculate the greatest common factor of 5236 and 15263416.
476
Calculate the greatest common factor of 1422 and 2426.
2
What is the greatest common divisor of 621 and 5653377?
207
What is the greatest common f